
Convert -70783 (base 13) to base 4.
-301020001
What is -134751 (base 10) in base 15?
-29dd6
-111101011011010010 (base 2) to base 7
-2065351
-1b111 (base 16) to base 10
-110865
What is 10101011211122 (base 3) in base 2?
110110110001001111000
What is -4c6989 (base 13) in base 6?
-103255040
-125052 (base 8) to base 4
-22220222
1100420312 (base 6) to base 9
24161338
What is 103032303 (base 4) in base 3?
11000001110
What is b8475 (base 12) in base 7?
2030150
3752239 (base 11) to base 10
6518191
27241303 (base 8) to base 11
34a4a99
What is 816353 (base 9) in base 5?
110433433
What is -7376408 (base 9) in base 14?
-74aa27
Convert 874515 (base 9) to base 4.
1333112312
What is 4365050 (base 7) in base 4?
2003021111
-6bc6 (base 16) to base 15
-8295
Convert 143424201 (base 5) to base 12.
30a379
Convert -210002011122120 (base 3) to base 14.
-16b8a37
-35cc5c (base 15) to base 9
-4753536
-34226535 (base 8) to base 13
-16c9085
Convert 101054 (base 10) to base 6.
2055502
What is 7037c (base 15) in base 5?
42331132
Convert -48ede (base 15) to base 14.
-60c0b
Convert 22121220122 (base 3) to base 9.
277818
Convert -10010110100100011110000 (base 2) to base 16.
-4b48f0
-6375130 (base 9) to base 14
-64c9c5
What is 21111101011 (base 3) in base 8?
440114
What is -110012 (base 11) in base 12?
-85821
-1311332133 (base 4) to base 10
-483231
112202100120121 (base 3) to base 9
15670517
Convert -2143324230 (base 5) to base 16.
-473830
What is 12120300001 (base 4) in base 16?
198c01
Convert -3ad30b (base 16) to base 3.
-21020212020001
-1817153 (base 10) to base 3
-10102022122222
What is 244202033 (base 6) in base 10?
4681605
What is -118959 (base 15) in base 12?
-345719
-11103021003 (base 4) to base 15
-1c68d3
10006662 (base 8) to base 2
1000000000110110110010
-13378 (base 11) to base 6
-224202
12121012002 (base 3) to base 4
122322020
What is -15c26c (base 13) in base 12?
-221022
What is -102122102101 (base 3) in base 7?
-1643155
-1001100101100011111110 (base 2) to base 3
-11201200101122
What is -114545401 (base 6) in base 14?
-4108d3
524566 (base 7) to base 2
10110000110000110
-43127 (base 14) to base 6
-3250331
Convert 53512020 (base 6) to base 12.
642610
10001011010001101100 (base 2) to base 10
570476
-102210101112 (base 3) to base 4
-320222222
Convert -414716 (base 8) to base 14.
-38262
Convert 40b6010 (base 12) to base 5.
11104314122
22034140 (base 5) to base 7
1420463
-33313000 (base 4) to base 2
-1111110111000000
What is -153b252 (base 14) in base 8?
-47423210
Convert 211122012100 (base 3) to base 12.
195a23
Convert 2124334 (base 5) to base 15.
aae9
22110210212 (base 3) to base 11
104359
2546430 (base 8) to base 15
deb0e
What is 1313621 (base 7) in base 5?
20444214
What is -1534636 (base 7) in base 15?
-425da
-48ea13 (base 16) to base 9
-8882801
What is 23a376 (base 11) in base 13?
103b2c
131203113 (base 4) to base 6
2332223
-9a678 (base 14) to base 16
-5b6c2
507617 (base 8) to base 16
28f8f
What is -68814 (base 9) in base 5?
-2431414
What is 5546b (base 14) in base 7?
1520364
Convert -221011032 (base 6) to base 15.
-535762
What is 2342514 (base 6) in base 8?
357116
What is 41251 (base 15) in base 12?
9b541
Convert 1cccc (base 14) to base 3.
10202100011
2286569 (base 12) to base 5
3200143224
Convert 39492 (base 15) to base 4.
230233313
-323322320 (base 4) to base 12
-ba048
Convert 2583164 (base 10) to base 9.
4766382
What is 13103221212 (base 4) in base 9?
3538506
Convert -46712445 (base 8) to base 5.
-10102240021
Convert -6ae7 (base 16) to base 4.
-12223213
Convert -245542422 (base 6) to base 15.
-63e6c5
6774a25 (base 11) to base 12
3b82923
What is 781ba (base 12) in base 15?
322c7
What is 3210230433 (base 5) in base 2?
11001101010010101010001
What is -401143143 (base 5) in base 4?
-12002300231
What is -182523 (base 11) in base 12?
-116a7b
Convert 19450 (base 14) to base 7.
354330
Convert 233b84 (base 16) to base 15.
309231
What is 1305101 (base 8) in base 5?
43104243
Convert -3112241202 (base 5) to base 7.
-105062323
-290399 (base 10) to base 9
-482315
What is -43116 (base 10) in base 13?
-16818
What is 10001011000011100000001 (base 2) in base 12?
1638a81
-188365 (base 9) to base 8
-345647
What is 5163382 (base 9) in base 7?
32305115
621376 (base 8) to base 3
101102222120
14343104 (base 6) to base 11
309521
What is -21c85 (base 15) in base 4?
-122032322
Convert 6aa318 (base 14) to base 13.
9a555c
Convert 358186 (base 11) to base 13.
16b245
1411106 (base 7) to base 5
22001201
-b38ba2 (base 12) to base 16
-2af3aa
Convert a8801 (base 12) to base 16.
36481
What is 41370 (base 12) in base 13?
2ca0c
Convert -173353 (base 8) to base 12.
-306b7
What is 16e52 (base 16) in base 4?
112321102
What is -11142503 (base 6) in base 3?
-122021121210
-218434 (base 10) to base 16
-35542
What is 699 (base 12) in base 13?
5a6
Convert bccd1 (base 15) to base 11.
37aaa1
What is -11110100110001011 (base 2) in base 10?
-125323
1411423113 (base 5) to base 2
1101110100101001101101
What is 552542410 (base 6) in base 14?
1468c62
What is -6199 (base 15) in base 11?
-14545
Convert -13626264 (base 7) to base 4.
-10321203300
Convert 11010110100010001100 (base 2) to base 10.
878732
69ca4f (base 16) to base 2
11010011100101001001111
-1376221 (base 8) to base 3
-201221012000
10101111011000011100101 (base 2) to base 6
323102033
Convert 89eb3 (base 16) to base 12.
232b03
What is -23110012102 (base 4) in base 12?
-bb046a
What is 1d4ae8 (base 16) in base 13?
522a3a
Convert -6537567 (base 10) to base 8.
-30740537
What is -461899 (base 11) in base 6?
-23424133
What is 1dcdbd (base 16) in base 5?
1000000323
2366414 (base 8) to base 4
2132310030
-417bd (base 15) to base 13
-73675
-1795b49 (base 13) to base 6
-432540434
What is -5850211 (base 9) in base 2?
-1100000100000111001110
2220111121 (base 4) to base 12
293021
What is 100120200111102 (base 3) in base 10?
5091698
-233320322 (base 4) to base 15
-3d1be
What is 31303102232 (base 4) in base 5?
1411233331
Convert -120005223 (base 6) to base 4.
-20203002033
-10201222221202 (base 3) to base 5
-1002103244
What is 195009 (base 15) in base 11?
771595
What is 2219103 (base 12) in base 8?
30643123
1123532 (base 6) to base 9
87342
Convert -4ceb9 (base 16) to base 7.
-2451362
Convert 82484 (base 10) to base 8.
241064
Convert -31531410 (base 6) to base 16.
-e2f3e
Convert -3402125 (base 7) to base 11.
-268283
-3043130332 (base 5) to base 13
-139bb61
Convert -3bb063 (base 12) to base 5.
-223244200
37328 (base 13) to base 12
4a96b
Convert -8325a2 (base 12) to base 8.
-7661712
-551e9 (base 15) to base 2
-1000010000001101100
What is -5211023 (base 6) in base 5?
-31002414
What is 111120201 (base 3) in base 2?
10011010101101
What is -312715 (base 12) in base 11?
-487888
What is 1670410 (base 8) in base 12?
1b6288
What is -17322331 (base 8) in base 7?
-46224061
-33432130 (base 5) to base 10
-295915
What is -16553534 (base 7) in base 2?
-110001101001010011000
Convert 450ea6 (base 16) to base 2.
10001010000111010100110
Convert -222021021102 (base 3) to base 15.
-a330b
Convert -2c95d (base 14) to base 12.
-54707
-7486a (base 11) to base 7
-632235
Convert -1153716 (base 10) to base 12.
-4777b0
Convert 219bb1 (base 15) to base 8.
6071527
What is -5576e (base 15) in base 4?
-1002110333
What is 1300203303 (base 4) in base 12?
1a2983
2535340 (base 6) to base 10
137292
What is 336b58 (base 12) in base 13?
229748
Convert 12572644 (base 8) to base 6.
140202124
1011100101001011 (base 2) to base 3
2102001212
-23d62 (base 15) to base 5
-12130032
Convert 22130020023 (base 4) to base 8.
12341013
20115714 (base 9) to base 16
9307bd
What is ea40 (base 15) in base 9?
74876
13b30d7 (base 14) to base 11
544a101
1430224 (base 5) to base 16
7570
-1c66b (base 13) to base 9
-84763
What is -3763327 (base 10) in base 8?
-16266177
What is -4337c4 (base 15) in base 12?
-10a46b7
What is -62253005 (base 7) in base 12?
-18ba835
Convert -122a5a4 (base 12) to base 14.
-6833ac
Convert -88bd0 (base 14) to base 5.
-41102433
What is 93178 (base 10) in base 2?
10110101111111010
What is 45545143 (base 6) in base 5?
324220411
Convert 39845 (base 16) to base 2.
111001100001000101
-111010101110011011 (base 2) to base 16
-3ab9b
Convert -c2b8 (base 14) to base 9.
-50832
What is -47a0a53 (base 11) in base 10?
-83612